[INFO] fetching crate ra_rustc_lexer 0.1.0-pre.3...
[INFO] checking ra_rustc_lexer-0.1.0-pre.3 against try#72f88fc4e9458f89516a0b8b0868f3718aec5b47 for pr-74989
[INFO] extracting crate ra_rustc_lexer 0.1.0-pre.3 into /workspace/builds/worker-2/source
[INFO] validating manifest of crates.io crate ra_rustc_lexer 0.1.0-pre.3 on toolchain 72f88fc4e9458f89516a0b8b0868f3718aec5b47
[INFO] running `Command { std: "/workspace/cargo-home/bin/cargo" "+72f88fc4e9458f89516a0b8b0868f3718aec5b47" "read-manifest" "--manifest-path" "Cargo.toml", kill_on_drop: false }`
[INFO] started tweaking crates.io crate ra_rustc_lexer 0.1.0-pre.3
[INFO] finished tweaking crates.io crate ra_rustc_lexer 0.1.0-pre.3
[INFO] tweaked toml for crates.io crate ra_rustc_lexer 0.1.0-pre.3 written to /workspace/builds/worker-2/source/Cargo.toml
[INFO] running `Command { std: "/workspace/cargo-home/bin/cargo" "+72f88fc4e9458f89516a0b8b0868f3718aec5b47" "generate-lockfile" "--manifest-path" "Cargo.toml" "-Zno-index-update", kill_on_drop: false }`
[INFO] running `Command { std: "/workspace/cargo-home/bin/cargo" "+72f88fc4e9458f89516a0b8b0868f3718aec5b47" "fetch" "--locked" "--manifest-path" "Cargo.toml", kill_on_drop: false }`
[INFO] [stderr]     Blocking waiting for file lock on package cache
[INFO] running `Command { std: "docker" "create" "-v" "/var/lib/crater-agent-workspace/builds/worker-2/target:/opt/rustwide/target:rw,Z" "-v" "/var/lib/crater-agent-workspace/builds/worker-2/source:/opt/rustwide/workdir:ro,Z" "-v" "/var/lib/crater-agent-workspace/cargo-home:/opt/rustwide/cargo-home:ro,Z" "-v" "/var/lib/crater-agent-workspace/rustup-home:/opt/rustwide/rustup-home:ro,Z" "-e" "SOURCE_DIR=/opt/rustwide/workdir" "-e" "CARGO_TARGET_DIR=/opt/rustwide/target" "-e" "CARGO_HOME=/opt/rustwide/cargo-home" "-e" "RUSTUP_HOME=/opt/rustwide/rustup-home" "-w" "/opt/rustwide/workdir" "-m" "1610612736" "--user" "0:0" "--network" "none" "rustops/crates-build-env@sha256:d92eaeed33fa75130ca1ee6c8a01d1ffb62bac859dfdfb3450e3e5d1c0146529" "/opt/rustwide/cargo-home/bin/cargo" "+72f88fc4e9458f89516a0b8b0868f3718aec5b47" "metadata" "--no-deps" "--format-version=1", kill_on_drop: false }`
[INFO] [stderr] WARNING: Your kernel does not support swap limit capabilities or the cgroup is not mounted. Memory limited without swap.
[INFO] [stdout] a78276cf55e91cae5697e2372f1df30f8eb1cd601c0b81b0301aa462df08640e
[INFO] running `Command { std: "docker" "start" "-a" "a78276cf55e91cae5697e2372f1df30f8eb1cd601c0b81b0301aa462df08640e", kill_on_drop: false }`
[INFO] running `Command { std: "docker" "inspect" "a78276cf55e91cae5697e2372f1df30f8eb1cd601c0b81b0301aa462df08640e", kill_on_drop: false }`
[INFO] running `Command { std: "docker" "rm" "-f" "a78276cf55e91cae5697e2372f1df30f8eb1cd601c0b81b0301aa462df08640e", kill_on_drop: false }`
[INFO] [stdout] a78276cf55e91cae5697e2372f1df30f8eb1cd601c0b81b0301aa462df08640e
[INFO] running `Command { std: "docker" "create" "-v" "/var/lib/crater-agent-workspace/builds/worker-2/target:/opt/rustwide/target:rw,Z" "-v" "/var/lib/crater-agent-workspace/builds/worker-2/source:/opt/rustwide/workdir:ro,Z" "-v" "/var/lib/crater-agent-workspace/cargo-home:/opt/rustwide/cargo-home:ro,Z" "-v" "/var/lib/crater-agent-workspace/rustup-home:/opt/rustwide/rustup-home:ro,Z" "-e" "SOURCE_DIR=/opt/rustwide/workdir" "-e" "CARGO_TARGET_DIR=/opt/rustwide/target" "-e" "CARGO_INCREMENTAL=0" "-e" "RUST_BACKTRACE=full" "-e" "RUSTFLAGS=--cap-lints=forbid" "-e" "CARGO_HOME=/opt/rustwide/cargo-home" "-e" "RUSTUP_HOME=/opt/rustwide/rustup-home" "-w" "/opt/rustwide/workdir" "-m" "1610612736" "--user" "0:0" "--network" "none" "rustops/crates-build-env@sha256:d92eaeed33fa75130ca1ee6c8a01d1ffb62bac859dfdfb3450e3e5d1c0146529" "/opt/rustwide/cargo-home/bin/cargo" "+72f88fc4e9458f89516a0b8b0868f3718aec5b47" "check" "--frozen" "--all" "--all-targets" "--message-format=json", kill_on_drop: false }`
[INFO] [stdout] cbc65a42f1d4aa00448611ba31667e4c0bdf3d420df1d47fa9b9f442bb1e5d82
[INFO] [stderr] WARNING: Your kernel does not support swap limit capabilities or the cgroup is not mounted. Memory limited without swap.
[INFO] running `Command { std: "docker" "start" "-a" "cbc65a42f1d4aa00448611ba31667e4c0bdf3d420df1d47fa9b9f442bb1e5d82", kill_on_drop: false }`
[INFO] [stderr]     Checking ra_rustc_lexer v0.1.0-pre.3 (/opt/rustwide/workdir)
[INFO] [stdout] error[E0433]: failed to resolve: could not find `property` in `unicode`
[INFO] [stdout]    --> src/lib.rs:522:24
[INFO] [stdout]     |
[INFO] [stdout] 522 |         core::unicode::property::Pattern_White_Space(c)
[INFO] [stdout]     |                        ^^^^^^^^ could not find `property` in `unicode`
[INFO] [stdout] 
[INFO] [stdout] 
[INFO] [stdout] error[E0433]: failed to resolve: could not find `property` in `unicode`
[INFO] [stdout]    --> src/lib.rs:522:24
[INFO] [stdout]     |
[INFO] [stdout] 522 |         core::unicode::property::Pattern_White_Space(c)
[INFO] [stdout]     |                        ^^^^^^^^ could not find `property` in `unicode`
[INFO] [stdout] 
[INFO] [stdout] 
[INFO] [stdout] error[E0599]: no method named `is_xid_start` found for type `char` in the current scope
[INFO] [stdout]    --> src/lib.rs:539:33
[INFO] [stdout]     |
[INFO] [stdout] 539 |             || (c > '\x7f' && c.is_xid_start())
[INFO] [stdout]     |                                 ^^^^^^^^^^^^ method not found in `char`
[INFO] [stdout] 
[INFO] [stdout] 
[INFO] [stdout] error[E0599]: no method named `is_xid_continue` found for type `char` in the current scope
[INFO] [stdout]    --> src/lib.rs:558:33
[INFO] [stdout]     |
[INFO] [stdout] 558 |             || (c > '\x7f' && c.is_xid_continue())
[INFO] [stdout]     |                                 ^^^^^^^^^^^^^^^ method not found in `char`
[INFO] [stdout] 
[INFO] [stdout] 
[INFO] [stdout] error: aborting due to 3 previous errors
[INFO] [stdout] 
[INFO] [stdout] 
[INFO] [stdout] Some errors have detailed explanations: E0433, E0599.
[INFO] [stdout] 
[INFO] [stdout] For more information about an error, try `rustc --explain E0433`.
[INFO] [stdout] 
[INFO] [stderr] error: could not compile `ra_rustc_lexer`.
[INFO] [stderr] 
[INFO] [stderr] To learn more, run the command again with --verbose.
[INFO] [stderr] warning: build failed, waiting for other jobs to finish...
[INFO] [stdout] error[E0599]: no method named `is_xid_start` found for type `char` in the current scope
[INFO] [stdout]    --> src/lib.rs:539:33
[INFO] [stdout]     |
[INFO] [stdout] 539 |             || (c > '\x7f' && c.is_xid_start())
[INFO] [stdout]     |                                 ^^^^^^^^^^^^ method not found in `char`
[INFO] [stdout] 
[INFO] [stdout] 
[INFO] [stdout] error[E0599]: no method named `is_xid_continue` found for type `char` in the current scope
[INFO] [stdout]    --> src/lib.rs:558:33
[INFO] [stdout]     |
[INFO] [stdout] 558 |             || (c > '\x7f' && c.is_xid_continue())
[INFO] [stdout]     |                                 ^^^^^^^^^^^^^^^ method not found in `char`
[INFO] [stdout] 
[INFO] [stdout] 
[INFO] [stdout] error: aborting due to 3 previous errors
[INFO] [stdout] 
[INFO] [stdout] 
[INFO] [stdout] Some errors have detailed explanations: E0433, E0599.
[INFO] [stdout] 
[INFO] [stdout] For more information about an error, try `rustc --explain E0433`.
[INFO] [stdout] 
[INFO] [stderr] error: build failed
[INFO] running `Command { std: "docker" "inspect" "cbc65a42f1d4aa00448611ba31667e4c0bdf3d420df1d47fa9b9f442bb1e5d82", kill_on_drop: false }`
[INFO] running `Command { std: "docker" "rm" "-f" "cbc65a42f1d4aa00448611ba31667e4c0bdf3d420df1d47fa9b9f442bb1e5d82", kill_on_drop: false }`
[INFO] [stdout] cbc65a42f1d4aa00448611ba31667e4c0bdf3d420df1d47fa9b9f442bb1e5d82
